{"id":724,"date":"2022-05-03T14:51:49","date_gmt":"2022-05-03T12:51:49","guid":{"rendered":"https:\/\/lesengages.com\/preprod\/?post_type=product&#038;p=724"},"modified":"2022-07-11T16:00:07","modified_gmt":"2022-07-11T14:00:07","slug":"biere-ambree-mirac","status":"publish","type":"product","link":"https:\/\/lesengages.com\/preprod\/produit\/biere-ambree-mirac\/","title":{"rendered":"Bi\u00e8re ambr\u00e9e &#8211; Mirac"},"content":{"rendered":"<p>Bi\u00e8re bio rousse de style Bi\u00e8re de Garde.<br \/>\nFourquet de bronze en 2012 au concours de Nancy &#8211; Saint-Nicolas-de-Port (60 ambr\u00e9es en lice).<br \/>\nScore de 41,5 sur 50 points au France Bi\u00e8re Challenge 2021<br \/>\nLumineuse robe rousse-ambr\u00e9e. Fine mousse moyennement persistante.<br \/>\nAr\u00f4mes de malt toast\u00e9, girofle, p\u00eache de vigne. Bouche : attaque l\u00e9g\u00e8rement sucr\u00e9e, toffee, biscuit, cro\u00fbte dor\u00e9e de brioche et caramel.<\/p>\n<p>&nbsp;<\/p>\n<p>6,4% alc.<\/p>\n","protected":false},"excerpt":{"rendered":"<p>Bi\u00e8re bio rousse de style Bi\u00e8re de Garde. Fourquet de bronze en 2012 au concours de Nancy &#8211; Saint-Nicolas-de-Port (60 ambr\u00e9es en lice). Score de 41,5 sur 50 points au France Bi\u00e8re Challenge 2021 Lumineuse robe rousse-ambr\u00e9e. Fine mousse moyennement persistante. Ar\u00f4mes de malt toast\u00e9, girofle, p\u00eache de vigne. Bouche : attaque l\u00e9g\u00e8rement sucr\u00e9e, toffee, [&hellip;]<\/p>\n","protected":false},"featured_media":723,"comment_status":"open","ping_status":"closed","template":"","meta":{"inline_featured_image":false},"product_cat":[93,86],"product_tag":[],"class_list":["post-724","product","type-product","status-publish","has-post-thumbnail","hentry","product_cat-bieres","product_cat-boissons"],"acf":[],"_links":{"self":[{"href":"https:\/\/lesengages.com\/preprod\/wp-json\/wp\/v2\/product\/724","targetHints":{"allow":["GET"]}}],"collection":[{"href":"https:\/\/lesengages.com\/preprod\/wp-json\/wp\/v2\/product"}],"about":[{"href":"https:\/\/lesengages.com\/preprod\/wp-json\/wp\/v2\/types\/product"}],"replies":[{"embeddable":true,"href":"https:\/\/lesengages.com\/preprod\/wp-json\/wp\/v2\/comments?post=724"}],"wp:featuredmedia":[{"embeddable":true,"href":"https:\/\/lesengages.com\/preprod\/wp-json\/wp\/v2\/media\/723"}],"wp:attachment":[{"href":"https:\/\/lesengages.com\/preprod\/wp-json\/wp\/v2\/media?parent=724"}],"wp:term":[{"taxonomy":"product_cat","embeddable":true,"href":"https:\/\/lesengages.com\/preprod\/wp-json\/wp\/v2\/product_cat?post=724"},{"taxonomy":"product_tag","embeddable":true,"href":"https:\/\/lesengages.com\/preprod\/wp-json\/wp\/v2\/product_tag?post=724"}],"curies":[{"name":"wp","href":"https:\/\/api.w.org\/{rel}","templated":true}]}}