{"id":719,"date":"2022-05-03T14:51:00","date_gmt":"2022-05-03T12:51:00","guid":{"rendered":"https:\/\/lesengages.com\/preprod\/?post_type=product&#038;p=719"},"modified":"2022-07-11T16:00:23","modified_gmt":"2022-07-11T14:00:23","slug":"biere-blonde-tentatrice","status":"publish","type":"product","link":"https:\/\/lesengages.com\/preprod\/produit\/biere-blonde-tentatrice\/","title":{"rendered":"Bi\u00e8re blonde &#8211; Tentatrice"},"content":{"rendered":"<p>La Tentatrice est m\u00e9daill\u00e9e de bronze au concours national de Nancy &#8211; Saint-Nicolas-de-Port 2014 (72 bi\u00e8res blondes en lice).<br \/>\nElle a aussi \u00e9t\u00e9 class\u00e9e Remarquable (2**) au guide Hachette : &#8220;La robe dor\u00e9e soutenue est orn\u00e9e d\u2019une mousse couleur cr\u00e8me vanille impressionnante, de tr\u00e8s bonne tenue. Au nez, les parfums m\u00ealent les c\u00e9r\u00e9ales grill\u00e9es et les notes herbac\u00e9es. La bouche est toute en douceur avec une texture soyeuse, un go\u00fbt de caramel bien pr\u00e9sent. Ces flaveurs sur la cro\u00fbte de pain grill\u00e9, se retrouvent en r\u00e9tro-olfaction.Puis l\u2019amertume se d\u00e9veloppe en arri\u00e8re-bouche, compl\u00e8tement fondue dans les malts. Aucune sucrosit\u00e9 dans cette Pale Ale, l\u2019\u00e9quilibre entre les malts et l\u2019amertume est juste.&#8221;<\/p>\n<p>&nbsp;<\/p>\n<p>6,2% alc.<\/p>\n","protected":false},"excerpt":{"rendered":"<p>La Tentatrice est m\u00e9daill\u00e9e de bronze au concours national de Nancy &#8211; Saint-Nicolas-de-Port 2014 (72 bi\u00e8res blondes en lice). Elle a aussi \u00e9t\u00e9 class\u00e9e Remarquable (2**) au guide Hachette : &#8220;La robe dor\u00e9e soutenue est orn\u00e9e d\u2019une mousse couleur cr\u00e8me vanille impressionnante, de tr\u00e8s bonne tenue. Au nez, les parfums m\u00ealent les c\u00e9r\u00e9ales grill\u00e9es et [&hellip;]<\/p>\n","protected":false},"featured_media":720,"comment_status":"open","ping_status":"closed","template":"","meta":{"inline_featured_image":false},"product_cat":[93,86],"product_tag":[],"class_list":["post-719","product","type-product","status-publish","has-post-thumbnail","hentry","product_cat-bieres","product_cat-boissons"],"acf":[],"_links":{"self":[{"href":"https:\/\/lesengages.com\/preprod\/wp-json\/wp\/v2\/product\/719","targetHints":{"allow":["GET"]}}],"collection":[{"href":"https:\/\/lesengages.com\/preprod\/wp-json\/wp\/v2\/product"}],"about":[{"href":"https:\/\/lesengages.com\/preprod\/wp-json\/wp\/v2\/types\/product"}],"replies":[{"embeddable":true,"href":"https:\/\/lesengages.com\/preprod\/wp-json\/wp\/v2\/comments?post=719"}],"wp:featuredmedia":[{"embeddable":true,"href":"https:\/\/lesengages.com\/preprod\/wp-json\/wp\/v2\/media\/720"}],"wp:attachment":[{"href":"https:\/\/lesengages.com\/preprod\/wp-json\/wp\/v2\/media?parent=719"}],"wp:term":[{"taxonomy":"product_cat","embeddable":true,"href":"https:\/\/lesengages.com\/preprod\/wp-json\/wp\/v2\/product_cat?post=719"},{"taxonomy":"product_tag","embeddable":true,"href":"https:\/\/lesengages.com\/preprod\/wp-json\/wp\/v2\/product_tag?post=719"}],"curies":[{"name":"wp","href":"https:\/\/api.w.org\/{rel}","templated":true}]}}